 digit of 28038280?
2
What is the hundreds digit of 2812611?
6
What is the tens digit of 19592895?
9
What is the hundred thousands digit of 353296?
3
What is the thousands digit of 257053?
7
What is the tens digit of 897897?
9
What is the units digit of 21417658?
8
What is the thousands digit of 467038?
7
What is the millions digit of 2150944?
2
What is the ten thousands digit of 25871?
2
What is the hundreds digit of 4098607?
6
What is the hundred thousands digit of 4515271?
5
What is the thousands digit of 180531?
0
What is the tens digit of 161875?
7
What is the thousands digit of 1417145?
7
What is the ten thousands digit of 1229942?
2
What is the hundred thousands digit of 1213947?
2
What is the hundreds digit of 229845?
8
What is the tens digit of 955?
5
What is the hundred thousands digit of 198685?
1
What is the thousands digit of 285747?
5
What is the thousands digit of 484035?
4
What is the units digit of 141424?
4
What is the tens digit of 16638867?
6
What is the thousands digit of 22385502?
5
What is the hundred thousands digit of 795000?
7
What is the tens digit of 574058?
5
What is the millions digit of 1334279?
1
What is the ten millions digit of 30949971?
3
What is the units digit of 11150?
0
What is the hundreds digit of 229400?
4
What is the thousands digit of 4289378?
9
What is the thousands digit of 1043310?
3
What is the hundred thousands digit of 140222?
1
What is the thousands digit of 960607?
0
What is the hundred thousands digit of 5325608?
3
What is the tens digit of 243273?
7
What is the units digit of 179295?
5
What is the hundred thousands digit of 429753?
4
What is the units digit of 824000?
0
What is the units digit of 2839994?
4
What is the thousands digit of 1187484?
7
What is the tens digit of 2628122?
2
What is the units digit of 3718303?
3
What is the units digit of 461700?
0
What is the ten thousands digit of 6374480?
7
What is the ten thousands digit of 13921776?
2
What is the tens digit of 1876304?
0
What is the thousands digit of 1251475?
1
What is the ten thousands digit of 19088493?
8
What is the millions digit of 1104293?
1
What is the hundreds digit of 506035?
0
What is the millions digit of 3891785?
3
What is the hundreds digit of 1373806?
8
What is the ten thousands digit of 92780?
9
What is the thousands digit of 728286?
8
What is the ten thousands digit of 1263294?
6
What is the units digit of 100204?
4
What is the hundred thousands digit of 7000278?
0
What is the tens digit of 14720327?
2
What is the thousands digit of 182980?
2
What is the units digit of 6556?
6
What is the units digit of 1047510?
0
What is the hundreds digit of 2455634?
6
What is the millions digit of 1349685?
1
What is the thousands digit of 1814907?
4
What is the tens digit of 101556?
5
What is the thousands digit of 1286710?
6
What is the tens digit of 7270347?
4
What is the tens digit of 388464?
6
What is the tens digit of 3255004?
0
What is the millions digit of 14343722?
4
What is the hundreds digit of 32437101?
1
What is the tens digit of 15481639?
3
What is the units digit of 11304605?
5
What is the millions digit of 4167969?
4
What is the hundred thousands digit of 228990?
2
What is the thousands digit of 6152053?
2
What is the hundred thousands digit of 20584573?
5
What is the units digit of 6965527?
7
What is the units digit of 7157706?
6
What is the hundred thousands digit of 1976805?
9
What is the thousands digit of 2527369?
7
What is the thousands digit of 1065238?
5
What is the thousands digit of 750526?
0
What is the units digit of 35662?
2
What is the thousands digit of 2093559?
3
What is the ten thousands digit of 427913?
2
What is the units digit of 261874?
4
What is the tens digit of 2065093?
9
What is the units digit of 169891?
1
What is the ten thousands digit of 10478007?
7
What is the hundreds digit of 1021707?
7
What is the thousands digit of 29337?
9
What is the hundreds digit of 35603?
6
What is the thousands digit of 1148135?
8
What is the thousands digit of 2157168?
7
What is the millions digit of 7764026?
7
What is the thousands digit of 255231?
5
What is the units digit of 930070?
0
What is the hundreds digit of 21399749?
7
What is the units digit of 226678?
8
What is the tens digit of 8838850?
5
What is the units digit of 118074?
4
What is the hundred thousands digit of 2190709?
1
What is the hundred thousands digit of 6246302?
2
What is the thousands digit of 2564658?
4
What is the thousands digit of 738398?
8
What is the units digit of 594809?
9
What is the ten thousands digit of 14906568?
0
What is the tens digit of 29308719?
1
What is the ten thousands digit of 9199035?
9
What is the hundred thousands digit of 7403136?
4
What is the hundred thousands digit of 446439?
4
What is the hundreds digit of 182431?
4
What is the thousands digit of 2007359?
7
What is the thousands digit of 86790?
6
What is the tens digit of 89105?
0
What is the units digit of 151251?
1
What is the hundred thousands digit of 719020?
7
What is the ten thousands digit of 1870031?
7
What is the millions digit of 6215101?
6
What is the hundreds digit of 10061276?
2
What is the units digit of 488095?
5
What is the thousands digit of 2214384?
4
What is the ten millions digit of 33280864?
3
What is the thousands digit of 88232?
8
What is the hundreds digit of 6674549?
5
What is the millions digit of 23760328?
3
What is the units digit of 1103181?
1
What is the thousands digit of 1115020?
5
What is the units digit of 2778592?
2
What is the hundreds digit of 1002047?
0
What is the hundreds digit of 877611?
6
What is the hundred thousands digit of 13936191?
9
What is the hundreds digit of 47998?
9
What is the units digit of 46293?
3
What is the hundreds digit of 1382733?
7
What is the tens digit of 814993?
9
What is the ten thousands digit of 535490?
3
What is the hundreds digit of 776218?
2
What is the units digit of 1819111?
1
What is the hundreds digit of 967580?
5
What is the units digit of 960833?
3
What is the hundreds digit of 28316?
3
What is the ten thousands digit of 9686462?
8
What is the tens digit of 7164065?
6
What is the tens digit of 2730247?
4
What is the hundreds digit of 34678083?
0
What is the ten millions digit of 23046927?
2
What is the thousands digit of 139802?
9
What is the hundreds digit of 3763339?
3
What is the millions digit of 10929800?
0
What is the hundreds digit of 93792?
7
What is the hundreds digit of 20801?
8
What is the hundreds digit of 15648490?
4
What is the ten thousands digit of 3901035?
0
What is the thousands digit of 52865?
2
What is the units digit of 3477708?
8
What is the hundred thousands digit of 2839418?
8
What is the ten thousands digit of 35005?
3
What is the hundreds digit of 3424144?
1
What is the hundreds digit of 1333262?
2
What is the tens digit of 6418557?
5
What is the units digit of 773170?
0
What is the thousands digit of 871320?
1
What is the thousands digit of 12586?
2
What is the hundreds digit of 622185?
1
What is the tens digit of 236498?
9
What is the ten thousands digit of 25541?
2
What is the thousands digit of 5549174?
9
What is the hundreds digit of 12892647?
6
What is the thousands digit of 490411?
0
What is the tens digit of 25053?
5
What is the thousands digit of 17260272?
0
What is the tens digit of 51459?
5
What is the ten millions digit of 42952635?
4
What is the ten thousands digit of 766655?
6
What is the tens digit of 6995197?
9
What is the thousands digit of 34006312?
6
What is the units digit of 9874652?
2
What is the thousands digit of 342835?
2
What is the thousands digit of 202122?
2
What is the units digit of 30152838?
8
What is the hundreds digit of 11700034?
0
What is the millions digit of 6419448?
6
What is the hundred thousands digit of 2783585?
7
What is the thousands digit of 2732703?
2
What is the tens digit of 116322?
2
What is the hundreds digit of 179975?
9
What is the thousands digit of 7514757?
4
What is the hundreds digit of 3176872?
8
What is the hundred thousands digit of 4348049?
3
What is the ten thousands digit of 67108?
6
What is the units digit of 361127?
7
What is the ten thousands digit of 2759758?
5
What is the hundred thousands digit of 967227?
9
What is the units digit of 1495168?
8
What is the millions digit of 1